 1). Suppose -2 + 10 = q*r. Is 3 + 2/r*2 a composite number?
True
Let s(u) = -u**3 + 9*u**2 + u - 5. Let t(c) = -c**2 - 7*c + 8. Let y be t(-7). Is s(y) a prime number?
True
Suppose 37 = 6*y + 13. Let p = 4 + 6. Suppose 0*o + 3*o - 12 = -3*t, -y*t + p = 3*o. Is o a prime number?
False
Let w(x) = -14*x**2 - 5*x - 5. Let d(p) = 15*p**2 + 4*p + 6. Let i(l) = -4*d(l) - 5*w(l). Let s be ((-6)/(-5))/((-2)/10). Is i(s) composite?
False
Let g(q) = q**3 - 5*q**2. Suppose 3*r + r - 20 = 0. Let t be g(r). Suppose 0 = -t*h - 5*h + 175. Is h prime?
False
Let a(f) = 4*f**2 - 7*f + 3. Let k(m) = -3 - 4*m**2 + 5 - 5 + 6*m. Let l(t) = -2*a(t) - 3*k(t). Is l(2) a prime number?
True
Let d(y) = 627*y + 1. Let b be d(1). Let g(v) = v**2 + 3*v + 5. Let k be g(-2). Suppose c - b = -k*c. Is c prime?
True
Suppose -v = 5*a - 5, a + 2 - 3 = -4*v. Suppose v*o - o = 5. Let i(j) = -j**3 - 3*j**2 - 8*j - 5. Is i(o) composite?
True
Let h be (-3)/(-7) + 4880/14. Let f = 614 - h. Is f a prime number?
False
Let d be (-1 - 2)/(6/(-4)). Suppose -d*j + q + 54 = -81, -4*q - 280 = -4*j. Is j prime?
False
Let h(b) = 2*b**2 + 13*b**3 - 5*b**2 + 1 - 2*b + 0*b. Let w be h(-2). Let m = 204 + w. Is m composite?
True
Let w(g) = -2*g**3 + 2*g**2 - 2*g - 1. Suppose -2*q - 2*q = -8. Let h be w(q). Is -2*2/4*h a prime number?
True
Let v(f) = f**3 + 3*f**3 - 2*f**3 - 5 - 4*f**3 + f. Is v(-4) a composite number?
True
Let s be ((-2)/3)/((-4)/24). Suppose s + 26 = 2*x. Is x a prime number?
False
Let x(w) = -12*w**3 - w**2 + 11*w + 3. Is x(-5) a composite number?
False
Suppose 4*n = 2*n. Suppose u - 233 + 48 = n. Is u a composite number?
True
Suppose 5*j + 5*w = j - 9, -w - 17 = -3*j. Suppose 95 = j*a - f - 4*f, -a - 2*f + 40 = 0. Suppose -3*q + 33 + a = 0. Is q prime?
False
Suppose -m = -0*j + j - 555, 3*m = 2*j - 1100. Let d = j + -224. Is d a composite number?
True
Let r(c) = -c + 5. Let t = -5 + 8. Let z be r(t). Suppose -4*g + z = -2, h = -3*g + 16. Is h a composite number?
False
Let b(g) = -g**3 - 2*g**2 + 3*g - 1. Is b(-4) composite?
False
Let b = 132 + 119. Is b composite?
False
Let g = 7 - 1. Suppose 3*s + 9 = g*s. Suppose 4*p - 4*x + 9*x - 191 = 0, s*p - 5*x - 152 = 0. Is p prime?
False
Is -3 + -1 - -3 - -80 prime?
True
Suppose 0 = -r - 3*x - 0*x + 253, 2*r + 5*x - 506 = 0. Is r a composite number?
True
Suppose a + 125 = -0*a. Let g = a + 192. Is g a prime number?
True
Let j = 58 - 23. Is j prime?
False
Is ((-9)/(-36))/(2/712) a prime number?
True
Let m(b) = -274*b + 5. Is m(-2) composite?
True
Let b(v) = v**2 - 3*v + 4. Let n be b(3). Suppose 4*k - 5*c = 1026, n*k + 0*c - 4*c = 1028. Is k prime?
False
Let l(r) = -7*r + 1. Let g be l(1). Let c be 71 + (-3)/(g/(-4)). Suppose -4*a = -c - 143. Is a composite?
False
Suppose r = 2*i + 61, 0 = 5*r - 3*i - 2*i - 285. Is r a composite number?
False
Let i = -2 - -4. Let x be 55/25 - i/10. Suppose 83 = x*k - 3*t + 13, -140 = -4*k - 4*t. Is k prime?
False
Suppose -5*y + 9305 + 4230 = 0. Is y a prime number?
True
Let y(u) = -u**3 + 3*u**2 - 6*u - 7. Let r be y(-5). Let h = r - 144. Is h composite?
False
Let w = -3 - -6. Let u be 45/(-55) + 3 - 2/11. Suppose s = -u*b + 63, -3*s + w*b = -s - 147. Is s prime?
False
Is (-11)/(121/2) - 77598/(-22) a composite number?
False
Let f(x) = 1 + x + 2 - 2. Let o be f(-5). Let b(m) = 2*m**2 - 7*m - 5. Is b(o) a composite number?
True
Suppose -76 = -n + 360. Let b = -117 + n. Is b a prime number?
False
Let a(o) = o**2 - 2*o - 3. Let l be a(4). Suppose 4*z + 23 = l*z. Is z prime?
True
Let v be (3 + -1)/((-4)/(-18)). Let p(j) = 0 - 2 - v*j - 5. Is p(-6) a prime number?
True
Let a(c) = -c**2 + 0*c**3 - 3*c + 0*c + 2*c - 131 - c**3. Let d be a(0). Let u = -18 - d. Is u prime?
True
Let u = 20 - -47. Is u prime?
True
Suppose -484 = -m + 303. Is m a composite number?
False
Let g be 4/(-10) - 392/(-5). Let a = g + -43. Is a prime?
False
Let h = -1000 + 1449. Is h prime?
True
Suppose 5*z = -3 + 13. Suppose -w - 33 = -z*w. Is w a prime number?
False
Suppose 5*p - 20 = -5*w, 4*w - p = -0*w + 6. Suppose w = s - 1. Is s*(-2)/4*-4 a composite number?
True
Suppose 3*l - 515 = -86. Is l a composite number?
True
Let m = 61 + -24. Suppose 0 = 5*n - 53 - m. Let d = 7 + n. Is d prime?
False
Let n = -10 - -15. Suppose -3*g - 4*b = -2*g - 1897, -2*g + n*b = -3729. Suppose -3*k = 5*f - g, -k + 153 = f - 224. Is f a composite number?
False
Let l = 357 - 146. Suppose -b + l = -0*b. Is b composite?
False
Suppose 4*s = 5*a + 5095 - 11, -1271 = -s - a. Is s a composite number?
True
Suppose -4*x - 3*t + 6017 = 0, -5*x + 4615 = -4*t - 2883. Is x a prime number?
False
Suppose c = -2*i + 1707, 4*i + c - 3368 = 41. Is i prime?
False
Is ((-852)/8)/(3/(-6)) a prime number?
False
Suppose 3 = 2*b - 3, 0 = l - 3*b + 7. Let m be ((-44)/6)/(l/(-3)). Let o(z) = -z + 15. Is o(m) composite?
True
Let l(p) = -p - 9. Let j be l(-5). Let u(v) = -20*v - 1. Is u(j) composite?
False
Let b = 61 - 39. Is b composite?
True
Let q be 5 + -1*(2 + 0). Suppose -q*d + 4 = -8. Suppose -z - 3*z + 576 = -4*o, -d*o + 282 = 2*z. Is z a composite number?
True
Let a(d) be the third derivative of -31*d**6/20 - d**5/60 + 4*d**2. Let u be a(-1). Let p = 264 - u. Is p a prime number?
True
Suppose -s + 4*d = -d - 1052, 0 = -2*s + 5*d + 2079. Is s a prime number?
False
Suppose 3*y - 415 = -2*y. Let w = 78 + y. Suppose -c + w = 3*d - 270, 0 = d - c - 141. Is d composite?
True
Suppose 32510 = -37*x + 47*x. Is x a composite number?
False
Let h be ((-2)/5)/((-1)/10). Let v be (6 - 0)*h/6. Suppose -v = -2*l + 4*d, 5*d - 2*d - 2 = l. Is l a composite number?
True
Let b be 3/(-15) + 62/10. Suppose 0 = -p - 0*p - b. Let g(t) = -6*t - 3. Is g(p) prime?
False
Suppose -3*m = 7 - 121. Let u = 67 - m. Let a = u + -10. Is a a composite number?
False
Suppose a + 3*d = 15, 0 = -d - 1 + 5. Suppose l - 3*z = 6, -3*z + 3 - 9 = -3*l. Suppose -4*f - y = -431 + 111, l = 4*f + a*y - 328. Is f a prime number?
True
Suppose -2*l + 1316 = 2*l. Is l composite?
True
Let o(r) = r**2 - 15*r + 9. Let a be o(17). Let g = 250 + a. Is g a prime number?
True
Let x(d) = 79*d**2 - 9. Is x(4) composite?
True
Let j = -158 + 315. Is j composite?
False
Let r(k) = -k**2 + 4*k + 573. Is r(0) prime?
False
Suppose 4*f = -3*g + 2*f + 67, -5*g - 3*f + 111 = 0. Suppose -3*i = -g + 6. Suppose 4*r = i*t + 202, 0 = 3*r - 2*t - t - 153. Is r a prime number?
True
Let i be (-1)/(3/6) - -153. Is 0 + (i - 0) + -2 a composite number?
False
Let g be (-4)/8 - (-315)/2. Is g*-3*3/(-9) composite?
False
Suppose 2*t = 3 + 7. Suppose -2*l + 7*l = -t. Is l + 1 - (0 - 3) composite?
False
Suppose 0 = 5*r + 2*b - 2083, -b - 3*b = 5*r - 2091. Is r composite?
True
Is (2444/16)/(1/4) a prime number?
False
Let y(j) = 298*j + 1. Is y(1) a composite number?
True
Is 38*(0 + 21/6) prime?
False
Let z be (-54)/(-12) - (-1)/2. Suppose z*t - 169 = 4*g, -6*t = -t + g - 189. Is t a composite number?
False
Suppose 4*k + s + 428 = 1619, 4*k - 4*s - 1196 = 0. Suppose 0*l + k = 2*l. Is l a prime number?
True
Suppose n - 15 = -2*n. Suppose 0 - 2 = -m + 2*p, 4*m - 2 = n*p. Is m/2 - 824/(-4) composite?
True
Suppose -8*f + 422 = -6*f. Is f prime?
True
Let h be 2/4 + 22/(-4). Is (h - -58) + 0/2 prime?
True
Let l(k) = -k**3 + 2*k**2 + 4*k - 1. Suppose 2*u = s + 1, 4*s = 4*u - 5*u + 14. Let q be l(s). Is (-2 + (-55)/q)*-2 composite?
False
Let v(d) = -15*d + 1. Let f be v(-1). Suppose -f - 16 = -h. Suppose 4*g - 12 = h. Is g a prime number?
True
Suppose 785 = 10*m - 5*m. Is m a prime number?
True
Let n = -1084 + 1571. Is n composite?
False
Is (2/4)/(15/94890) a prime number?
True
Suppose r - 3*g = -2*g + 896, 5*r - 3*g - 4488 = 0. Suppose 4*i - i + r = 3*t, 5*t = -3*i + 1524. Is t a composite number?
True
Let a(j) = -j**2 + 7*j - 6. Let h be a(6). Suppose -r + 179 = -h*r. Is r composite?
False
Suppose 4*x = -4*u + 3*x + 1513, 2*u - 764 = -2*x. Is u a prime number?
False
Let n = 1149 + -608. Is n a composite number?
False
Let u = -7 + 12. Suppose -237 = -r - r - u*b, 3*r + 5*b = 368. Is r a prime number?
True
Let q = 1512 + -2530. Is q/(-26) - (-2)/(-13) prime?
False
Suppose 5*r = 7827 + 3358. Is r composite?
False
Let w be (103 + -1)*(2 + -3). Let q = 316 + w. Let h = q + -103. Is h a composite number?
True
Let j(r) = -68*r**3 + 2*r + 1. Is j(-1) a prime number?
True
Suppos